56. What are the prime factors of w?
2, 6653
Let s = 16157 + -14893. List the prime factors of s.
2, 79
What are the prime factors of ((-2716)/21 + 3)*-2*15/10?
379
Suppose -t = 4*p - 88, -2*t = 4*p + 3*t - 104. Let x be p/2*(-32)/(-12). Let n = x - -51. List the prime factors of n.
79
Suppose 2*c + 4*m + 3 = -9, m + 30 = -5*c. Let h(r) = -r**2 - 5*r + 12. Let b be h(c). What are the prime factors of b/39 + 3114/39?
2, 5
Let y = 2914 + -1824. Let c = y - 614. List the prime factors of c.
2, 7, 17
Suppose 4*y + 3*k = -1201, -5*y - 1535 + 35 = 4*k. Let g be (-6)/4 + y/(-32). What are the prime factors of ((-12)/g)/(9/(-276))?
2, 23
Suppose 22 = 30*k - 31*k + 4*w, 3*w + 3 = 0. Let g(l) = 2*l**2 + 38*l + 7. List the prime factors of g(k).
7, 53
Let p(f) = -f**3 - 3*f**2 + 4*f + 3. Let k be p(-4). Let u(m) = 30*m - 6. Let n(a) = 30*a - 5. Let r(g) = 4*n(g) - 3*u(g). What are the prime factors of r(k)?
2, 11
Suppose -3*z + w + 9 = 0, -4*w + 1 = -z - 7. Suppose 0 = -4*u + v + 1472 + 3932, -3*v = -z*u + 5396. What are the prime factors of u?
2, 13
Let c(h) = 11*h**2 - 513*h - 487. List the prime factors of c(82).
101, 311
Suppose 0 = 35*b - 33*b - a - 1621, -3233 = -4*b - a. What are the prime factors of b?
809
Let s = 41435 + -28802. List the prime factors of s.
3, 4211
Suppose -289*x + 24*x = -8008300. What are the prime factors of x?
2, 5, 1511
Let x = -923 + 1988. Let n = -561 + x. What are the prime factors of n?
2, 3, 7
Let i(k) = k**2 + 8*k - 57. Let z be i(5). Let d(m) = 144*m + 14. List the prime factors of d(z).
2, 11, 53
Let g = 16 + -11. Let w(c) = -c**3 + 12*c**2 - 13*c + 26. Let o be w(11). Suppose 0 = o*a - 3*a - g. List the prime factors of a.
5
Let t(x) be the third derivative of 0 + 2/3*x**3 + 15*x**2 - 173/24*x**4 + 0*x. What are the prime factors of t(-1)?
3, 59
Let s(u) = -29*u - 81. Suppose 5*l = 25, 0 = -3*p + l - 83 + 27. List the prime factors of s(p).
2, 103
Suppose 562 + 356 = o. Let g = o + -610. What are the prime factors of g?
2, 7, 11
Suppose 2*a + 21949 = 3*c, 3*c - 21941 = 9*a - 11*a. List the prime factors of c.
5, 7, 11, 19
Let h = -252 - -170. Let a = h + 86. Suppose -4*q + 496 = f - 536, a*f = 0. What are the prime factors of q?
2, 3, 43
Let p(o) = o**2 + 3*o + 47. Let k be p(-22). Suppose -4*w - k + 2857 = 0. List the prime factors of w.
2, 13, 23
Let l(a) = -5*a - 1. Let p be l(1). Let t(y) = 7*y - 3. Let m(v) = -8*v + 4. Let i(n) = p*m(n) - 5*t(n). List the prime factors of i(11).
2, 67
Let h(y) = 38*y**2 - 109*y + 412. List the prime factors of h(34).
2, 11, 1847
Suppose 6*r - r - 30 = 0. Suppose 2*i + r = -6*s + 2*s, -3*i = -5*s - 35. Suppose 5*v = -5, -i*v + 7 = 2*p + 2. List the prime factors of p.
5
Let b(i) = 7839*i**2 - 47*i - 38. List the prime factors of b(3).
2, 73, 241
Let h be ((-11)/2)/((-7)/28). Suppose -2*s - i + 12 = -0*i, -h = -4*s - 3*i. Suppose s*d - 128 = 131. List the prime factors of d.
37
Let z be (-2)/(-9) + 208/36 + -2. Suppose -11*h + 2457 = -z*h. List the prime factors of h.
3, 13
Let d(s) = 15*s**3 - 5*s**2 - 5*s + 9. Let m be d(4). List the prime factors of (m/44 - (7 - 2))*52.
13, 59
Let b(p) = -293*p + 12. Let r be b(-4). Suppose -56 = -4*v + r. Suppose 3*a + 2*j = 425, -2*a + v = -j - 3*j. What are the prime factors of a?
5, 29
List the prime factors of (-91)/(-52)*(-944)/(-56)*610.
5, 59, 61
What are the prime factors of (-6)/72 + 128961/108?
2, 3, 199
Let x = 42 - 30. Let j(l) = l**2 - 11*l - 7. Let v be j(x). Suppose -f + v*b - b = -13, 4*f = 2*b + 24. What are the prime factors of f?
5
Let i be ((-262)/(-4))/((-1)/(-2)). Let m be ((-112)/(-12) + -8)*3. Suppose -m*v - 3*j = -257, -i = -2*v - 0*j - j. List the prime factors of v.
2, 17
Let a(r) = r**3 + 45*r + 5169. What are the prime factors of a(0)?
3, 1723
Suppose 17 - 1173 = 36*f + 2588. Suppose 4*x + 112 = -5*r, 3*x + 7*r + 84 = 2*r. List the prime factors of (-10)/(0 + (f/x - 4)).
5, 7
Suppose -65*r = -54*r + 106*r - 3595293. List the prime factors of r.
3, 10243
List the prime factors of ((-81482)/933)/(-2 + (-40)/(-21)).
7, 131
Suppose -120*a + 16426 + 28574 = 0. Suppose 2*u - 805 = 5*y, -2*y - 6*u - 341 = -3*u. Let l = a + y. What are the prime factors of l?
2, 53
Let h be (3/(-12) + (-3)/(-4))*0. Let m be (-1 - -1) + (h + 4 - 2). Suppose -3*g = 4 + m, -646 = -4*j + 5*g. What are the prime factors of j?
3, 53
Suppose -5*u - 684 = 3*o - 6*o, 2*o = -5*u + 431. Suppose 0*n + b + 496 = -5*n, 2*n = -b - 199. Let m = n + o. What are the prime factors of m?
2, 31
Let u be (-12)/(-30) + 38/5 - 1. Suppose 0 = -5*w + 3*o + 774, u*o + 318 = 2*w + 3*o. Let c = w + -55. What are the prime factors of c?
2, 7
Suppose 259*c + 28362529 = 678*c. What are the prime factors of c?
13, 41, 127
Suppose -12760672 = -394*a - 1855540. List the prime factors of a.
2, 3, 7, 659
Let c = 17 + -13. Let d be ((c - 4)/(-4))/2. Suppose 3*q - 21 - 132 = d. What are the prime factors of q?
3, 17
Let z be 6/(-21)*-3*(9 + -2). Suppose -z*m - 416 = -3746. What are the prime factors of m?
3, 5, 37
Let l(h) = 70*h**3 - 2*h**2 - 2*h + 4. Let f be l(2). Let o = 864 - f. Let d = -157 + o. List the prime factors of d.
5, 31
Suppose 102*d - 400847 - 237132 = -242117. List the prime factors of d.
3881
Suppose 7*q = 108*q + 2*q - 3076507. What are the prime factors of q?
7, 17, 251
Let w(g) = 2*g**2 + 9*g - 7. Let b be w(-6). What are the prime factors of (5 + b/(-2))*-590?
5, 59
Let k = 4270 - 4187. List the prime factors of k.
83
Let u be ((0 - -5) + (-3415)/25)*5. Let i = -68 - u. What are the prime factors of i?
2, 5, 59
Let j(r) = -15*r**2 + r + r + 2 + 14*r**2 - r - 4*r**3. Let u be j(-1). List the prime factors of (6/u)/(60/2120).
53
Suppose -27*o + 17377 = -113249. Let h = -3327 + o. List the prime factors of h.
1511
Suppose -2*d - 3*d = -5*g - 25, 2*d - 3*g = 10. Suppose 5*l + 10 = -10, d*l = 5*j + 20. Let i(f) = 3*f**2 + 12*f + 3. What are the prime factors of i(j)?
3, 11
Let p = 18344 - 10786. Suppose 9*y + 2509 = p. Suppose -4*c + w + y = -2*w, -2*w = -4*c + 566. What are the prime factors of c?
2, 3
Let j(f) = -f + 16. Suppose -3 = -8*m - 19. Let o be 2 + 12/((-6)/m). What are the prime factors of j(o)?
2, 5
Suppose r - 111 = -107, -2*d = r - 232. Let i be 1 + 0 + (-85)/1. Let q = i + d. What are the prime factors of q?
2, 3, 5
Let u(f) = 63*f**2 + f. Let k(r) = -2*r**3 + 22*r**2 - 18*r - 17. Let p be k(10). Suppose -p*i + i = n - 6, -5*i + 18 = n. List the prime factors of u(n).
2, 5
Let x(c) = -118*c - 51. Let g(b) = -b**2 + 37*b - 246. Let r be g(29). What are the prime factors of x(r)?
1601
What are the prime factors of 446*(98/4 + 3 + -14 + 7)?
41, 223
What are the prime factors of (-6 + (-70)/(-25) + (-9)/(-45))*-4111?
3, 4111
What are the prime factors of 175378/18 - 44/198?
9743
List the prime factors of ((-1995)/2 + 1)*-25*(-94)/(-1175).
1993
Let w be 4*((-3)/12 - (-2 - -1)). Suppose 4*x = 3*i + 1016, -w*x = -2*i - 0*i - 762. What are the prime factors of x?
2, 127
Let q(d) = -d**3 + 16*d**2 + 59*d - 26. Let n be q(19). Suppose -23*c + n*c = -5841. List the prime factors of c.
3, 59
Suppose -2*l + 3*w = -22, -3*l - 3*w = 5 - 8. Suppose -3775 = -l*q + 3*v - 47, -746 = -q + v. List the prime factors of q.
5, 149
Suppose 2*t - 4*t = 0. Suppose t = -8*m + 6*m + 4. Suppose 0*a + m*a - 90 = -3*p, 4*p - 100 = 4*a. List the prime factors of p.
2, 7
Let a = 750 - 747. Suppose 3*g = -4*n + 1367, -a*n + 9*g = 12*g - 1023. What are the prime factors of n?
2, 43
Let t(s) = 236*s - 127*s - 121*s. Let z be t(9). Let h = z - -177. What are the prime factors of h?
3, 23
Suppose a + 62 = 12. Let w(r) = -14*r + 309. Let k be w(24). Let x = k - a. List the prime factors of x.
23
Suppose 131*u - 6*m = 130*u + 18800, -75228 = -4*u - 4*m. List the prime factors of u.
2, 9403
Suppose -18*g = 19*g - 449317 + 95338. What are the prime factors of g?
3, 1063
Suppose 4*a - 3*t = 85033, a + 857*t = 852*t + 21287. List the prime factors of a.
2, 10631
Let i = 79 + -70. Suppose 0 = i*m + 67 - 1219. List the prime factors of 7/(7/m) + -4.
2, 31
Suppose -16*j + 3300 = -2588. What are the prime factors of j?
2, 23
Let s = -8514 + 13181. List the prime factors of s.
13, 359
Let m be (-4 - 1 - -4) + 147. Suppose 3*g = -5*y - m, 0 = 3*y + 4*g - g + 90. List the prime factors of